 factors of 2127826?
2, 1063913
List the prime factors of 13540854.
2, 3, 29, 59, 1319
What are the prime factors of 335258?
2, 7, 11, 311
List the prime factors of 234647.
7, 33521
What are the prime factors of 1291324?
2, 449, 719
What are the prime factors of 8666434?
2, 7, 191, 463
List the prime factors of 5703004.
2, 43, 71, 467
What are the prime factors of 2345485?
5, 71, 6607
List the prime factors of 18038547.
3, 17, 117899
List the prime factors of 19596416.
2, 7, 21871
List the prime factors of 645338.
2, 322669
What are the prime factors of 3887320?
2, 5, 157, 619
What are the prime factors of 3048158?
2, 1524079
List the prime factors of 7593346.
2, 3796673
What are the prime factors of 8571015?
3, 5, 21163
List the prime factors of 4399819.
4399819
What are the prime factors of 221806?
2, 13, 19, 449
What are the prime factors of 269600?
2, 5, 337
What are the prime factors of 1321421?
1321421
What are the prime factors of 7315?
5, 7, 11, 19
List the prime factors of 42719.
42719
List the prime factors of 25442242.
2, 7, 1817303
What are the prime factors of 1268825?
5, 50753
What are the prime factors of 1709756?
2, 427439
List the prime factors of 388527.
3, 129509
List the prime factors of 5403921.
3, 211, 8537
What are the prime factors of 2857248?
2, 3, 3307
What are the prime factors of 454392?
2, 3, 6311
List the prime factors of 4504008.
2, 3, 67, 2801
What are the prime factors of 8513238?
2, 3, 1418873
List the prime factors of 13766046.
2, 3, 7, 31, 97, 109
What are the prime factors of 1438575?
3, 5, 19181
What are the prime factors of 1924942?
2, 962471
List the prime factors of 935641.
7, 73, 1831
What are the prime factors of 7540838?
2, 109, 34591
What are the prime factors of 373518?
2, 3, 6917
What are the prime factors of 943975?
5, 61, 619
List the prime factors of 98422.
2, 49211
List the prime factors of 18090857.
23, 151, 5209
What are the prime factors of 237226?
2, 11, 41, 263
What are the prime factors of 218467?
17, 71, 181
List the prime factors of 252567.
3, 7, 19, 211
What are the prime factors of 17414705?
5, 7, 11, 45233
What are the prime factors of 1814141?
7, 259163
What are the prime factors of 175705?
5, 35141
List the prime factors of 1083452.
2, 439, 617
What are the prime factors of 6626734?
2, 1091, 3037
List the prime factors of 7902046.
2, 3951023
List the prime factors of 590703.
3, 196901
List the prime factors of 3006985.
5, 601397
List the prime factors of 551657.
79, 6983
List the prime factors of 13032556.
2, 19, 171481
What are the prime factors of 1345028?
2, 31, 10847
What are the prime factors of 20342894?
2, 11, 13, 71129
What are the prime factors of 3222668?
2, 23, 1523
What are the prime factors of 144855?
3, 5, 29, 37
List the prime factors of 3212793.
3, 356977
List the prime factors of 8130204.
2, 3, 225839
List the prime factors of 780655.
5, 156131
What are the prime factors of 782318?
2, 391159
List the prime factors of 273762.
2, 3, 67, 227
List the prime factors of 68340.
2, 3, 5, 17, 67
What are the prime factors of 12079425?
3, 5, 161059
What are the prime factors of 448455?
3, 5, 7, 4271
What are the prime factors of 1911242?
2, 17, 67, 839
What are the prime factors of 963005?
5, 192601
What are the prime factors of 838645?
5, 167729
List the prime factors of 1189463.
11, 71, 1523
What are the prime factors of 791572?
2, 197893
What are the prime factors of 4414333?
7, 11, 57329
What are the prime factors of 5647898?
2, 467, 6047
List the prime factors of 651377.
19, 34283
List the prime factors of 113236.
2, 28309
List the prime factors of 506650.
2, 5, 10133
What are the prime factors of 675965?
5, 135193
What are the prime factors of 5169697?
13, 547, 727
List the prime factors of 442645.
5, 7, 12647
List the prime factors of 1243728.
2, 3, 2879
What are the prime factors of 1370436?
2, 3, 114203
What are the prime factors of 23942?
2, 11971
List the prime factors of 209768.
2, 13, 2017
List the prime factors of 2445026.
2, 1222513
What are the prime factors of 1269631?
11, 115421
List the prime factors of 9092700.
2, 3, 5, 10103
List the prime factors of 3748926.
2, 3, 487, 1283
List the prime factors of 15681484.
2, 7, 13, 67, 643
List the prime factors of 228596.
2, 57149
What are the prime factors of 335626?
2, 41, 4093
List the prime factors of 563657.
563657
What are the prime factors of 566374?
2, 41, 6907
What are the prime factors of 6436353?
3, 7, 11, 17, 149
What are the prime factors of 2294199?
3, 254911
What are the prime factors of 374024?
2, 7, 6679
List the prime factors of 104163.
3, 34721
List the prime factors of 224630.
2, 5, 7, 3209
What are the prime factors of 169864?
2, 17, 1249
List the prime factors of 133903.
7, 11, 37, 47
List the prime factors of 291993.
3, 13, 7487
What are the prime factors of 513328?
2, 32083
What are the prime factors of 1749270?
2, 3, 5, 58309
What are the prime factors of 705079?
705079
List the prime factors of 5305488.
2, 3, 107, 1033
What are the prime factors of 98196?
2, 3, 7, 167
List the prime factors of 1723470.
2, 3, 5, 7, 29, 283
List the prime factors of 1942641.
3, 17, 12697
What are the prime factors of 597690?
2, 3, 5, 29, 229
What are the prime factors of 991979?
991979
List the prime factors of 162479.
47, 3457
What are the prime factors of 75350?
2, 5, 11, 137
List the prime factors of 86287.
86287
List the prime factors of 3599032.
2, 449879
List the prime factors of 1325979.
3, 147331
List the prime factors of 4430140.
2, 5, 11, 13, 1549
List the prime factors of 1274760.
2, 3, 5, 3541
List the prime factors of 18903366.
2, 3, 19, 31, 1783
What are the prime factors of 91467?
3, 10163
What are the prime factors of 21045376?
2, 11, 14947
List the prime factors of 2545110.
2, 3, 5, 28279
List the prime factors of 1124197.
1124197
What are the prime factors of 397583?
151, 2633
What are the prime factors of 2504149?
31, 80779
List the prime factors of 244.
2, 61
List the prime factors of 310352.
2, 7, 17, 163
List the prime factors of 11889.
3, 1321
What are the prime factors of 17598458?
2, 37, 163, 1459
List the prime factors of 3131683.
137, 22859
List the prime factors of 22076248.
2, 2759531
What are the prime factors of 4698311?
4698311
What are the prime factors of 14652863?
23, 31, 20551
What are the prime factors of 22261711?
19, 1171669
What are the prime factors of 154587?
3, 227
What are the prime factors of 9002805?
3, 5, 7, 179, 479
List the prime factors of 160440.
2, 3, 5, 7, 191
List the prime factors of 1052657.
17, 19, 3259
What are the prime factors of 2461532?
2, 17, 53, 683
What are the prime factors of 35390?
2, 5, 3539
List the prime factors of 13145361.
3, 4381787
List the prime factors of 1561525.
5, 7, 8923
List the prime factors of 11168654.
2, 7, 29, 27509
What are the prime factors of 18326288?
2, 1145393
List the prime factors of 300556.
2, 29, 2591
List the prime factors of 3236998.
2, 113, 14323
List the prime factors of 741427.
31, 23917
What are the prime factors of 183755?
5, 11, 13, 257
List the prime factors of 10765314.
2, 3, 7, 85439
What are the prime factors of 385949?
107, 3607
List the prime factors of 44222.
2, 22111
What are the prime factors of 1637300?
2, 5, 7, 2339
List the prime factors of 3556249.
19, 187171
List the prime factors of 718577.
37, 19421
What are the prime factors of 19590343?
3229, 6067
List the prime factors of 251915.
5, 50383
What are the prime factors of 10319268?
2, 3, 859939
List the prime factors of 1460061.
3, 162229
What are the prime factors of 2618096?
2, 13, 41, 307
List the prime factors of 12082267.
1931, 6257
What are the prime factors of 643311?
3, 71479
What are the prime factors of 842328?
2, 3, 11699
List the prime factors of 3670928.
2, 229433
What are the prime factors of 37153?
53, 701
What are the prime factors of 1033703?
11, 8543
What are the prime factors of 7970837?
7, 151, 7541
List the prime factors of 352935.
3, 5, 11, 23, 31
List the prime factors of 609399.
3, 7, 17, 569
What are the prime factors of 220835?
5, 29, 1523
What are the prime factors of 1064383?
1064383
What are the prime factors of 12850100?
2, 5, 23, 37, 151
List the prime factors of 1209836.
2, 302459
List the prime factors